{"id":5808,"date":"2024-07-17T12:31:19","date_gmt":"2024-07-17T10:31:19","guid":{"rendered":"https:\/\/cisterscapes.eu\/event\/rein-abbey-kulinarske-dedictvi-kulinarske-dedictvi-cisterciaku\/"},"modified":"2025-03-13T13:06:18","modified_gmt":"2025-03-13T12:06:18","slug":"rein-abbey-kulinarske-dedictvi-kulinarske-dedictvi-cisterciaku","status":"publish","type":"tribe_events","link":"https:\/\/cisterscapes.eu\/cs\/event\/rein-abbey-kulinarske-dedictvi-kulinarske-dedictvi-cisterciaku\/","title":{"rendered":"Rein Abbey: Kulin\u00e1\u0159sk\u00e9 d\u011bdictv\u00ed &#8222;Kulin\u00e1\u0159sk\u00e9 d\u011bdictv\u00ed cisterci\u00e1k\u016f&#8220;"},"content":{"rendered":"<p>Ji\u017e t\u00e9m\u011b\u0159 900 let uchov\u00e1vaj\u00ed mni\u0161i z Reinu odkaz sv\u00e9ho zakladatele Leopolda, markrab\u011bte ze Steyru. Krom\u011b kl\u00e1\u0161tern\u00edho lesa, zelen\u00fdch plic regionu, jsou to tak\u00e9 kulturn\u00ed statky nevy\u010d\u00edsliteln\u00e9 historick\u00e9 hodnoty. Sv\u011bdectv\u00ed o historii \u0160t\u00fdrska a pr\u016fkopnick\u00e9m syst\u00e9mu z\u00e1sobov\u00e1n\u00ed vodou ve st\u0159edov\u011bku budou v sobotu 28. z\u00e1\u0159\u00ed v centru pozornosti spolu s kulin\u00e1\u0159sk\u00fdmi specialitami, kter\u00e9 v kl\u00e1\u0161te\u0159e nesm\u00ed chyb\u011bt. Kl\u00e1\u0161tern\u00ed n\u00e1dvo\u0159\u00ed se od 10:00 hodin prom\u011bn\u00ed v jevi\u0161t\u011b, kde se bude slavit presti\u017en\u00ed ocen\u011bn\u00ed. Opatstv\u00ed Rein z\u00edsk\u00e1v\u00e1 ozna\u010den\u00ed Evropsk\u00e9 d\u011bdictv\u00ed.    <\/p>\n<p><em>Gratwein-Stra\u00dfengel slav\u00ed historick\u00fd klenot<\/em><\/p>\n<p>V sobotu 28. z\u00e1\u0159\u00ed od 10:00 v\u00e1s farnost a mni\u0161i z Reina zvou na celou \u0159adu aktivit. B\u011bhem uk\u00e1zek m\u016f\u017eete nahl\u00e9dnout do hrnce na va\u0159en\u00ed a pochutnat si na s\u00e1dlov\u00fdch su\u0161enk\u00e1ch nebo p\u00e1len\u00e9m sladu. Krom\u011b bylinek za\u017eij\u00ed o\u017eiven\u00ed i star\u00e9 ovocn\u00e9 odr\u016fdy, jako je &#8222;Klachelapfel&#8220; nebo &#8222;Schafnase&#8220;. O hudebn\u00ed doprovod se postaraj\u00ed kapely Gratweiner B\u00f6hmische a Steirische Soatnpress. Pro d\u011bti budou p\u0159ipravena praktick\u00e1 stanovi\u0161t\u011b a od 11.00 hod. bezplatn\u00e9 prohl\u00eddky s pr\u016fvodcem, b\u011bhem nich\u017e dobrovoln\u00ed pr\u016fvodci kl\u00e1\u0161tera nechaj\u00ed n\u00e1v\u0161t\u011bvn\u00edky nahl\u00e9dnout za zdi kl\u00e1\u0161tera a do z\u00e1zraku vodn\u00ed \u0161toly v Ulrichsbergu. Vstup je zdarma.     <\/p>\n<ul>\n<li>10:00 Zahajovac\u00ed ceremoni\u00e1l<\/li>\n<li>11:00 Za\u010d\u00e1tek programu (v\u010detn\u011b \u017eiv\u00e9ho va\u0159en\u00ed s ochutn\u00e1vkami, programu pro d\u011bti, prohl\u00eddek s pr\u016fvodcem)<\/li>\n<\/ul>\n","protected":false},"excerpt":{"rendered":"<p>Ji\u017e t\u00e9m\u011b\u0159 900 let uchov\u00e1vaj\u00ed mni\u0161i z Reinu odkaz sv\u00e9ho zakladatele Leopolda, markrab\u011bte ze Steyru. Krom\u011b kl\u00e1\u0161tern\u00edho lesa, zelen\u00fdch plic regionu, jsou to tak\u00e9 kulturn\u00ed statky nevy\u010d\u00edsliteln\u00e9 historick\u00e9 hodnoty. Sv\u011bdectv\u00ed o historii \u0160t\u00fdrska a pr\u016fkopnick\u00e9m syst\u00e9mu z\u00e1sobov\u00e1n\u00ed vodou ve st\u0159edov\u011bku budou v sobotu 28. z\u00e1\u0159\u00ed v centru pozornosti spolu s kulin\u00e1\u0159sk\u00fdmi specialitami, kter\u00e9 v kl\u00e1\u0161te\u0159e<\/p>\n","protected":false},"author":7,"featured_media":5810,"template":"","meta":{"_tribe_events_status":"","_tribe_events_status_reason":"","footnotes":""},"tags":[],"tribe_events_cat":[103],"class_list":["post-5808","tribe_events","type-tribe_events","status-publish","has-post-thumbnail","hentry","tribe_events_cat-cisterscapes-cs","cat_cisterscapes-cs"],"_links":{"self":[{"href":"https:\/\/cisterscapes.eu\/cs\/wp-json\/wp\/v2\/tribe_events\/5808","targetHints":{"allow":["GET"]}}],"collection":[{"href":"https:\/\/cisterscapes.eu\/cs\/wp-json\/wp\/v2\/tribe_events"}],"about":[{"href":"https:\/\/cisterscapes.eu\/cs\/wp-json\/wp\/v2\/types\/tribe_events"}],"author":[{"embeddable":true,"href":"https:\/\/cisterscapes.eu\/cs\/wp-json\/wp\/v2\/users\/7"}],"version-history":[{"count":0,"href":"https:\/\/cisterscapes.eu\/cs\/wp-json\/wp\/v2\/tribe_events\/5808\/revisions"}],"wp:featuredmedia":[{"embeddable":true,"href":"https:\/\/cisterscapes.eu\/cs\/wp-json\/wp\/v2\/media\/5810"}],"wp:attachment":[{"href":"https:\/\/cisterscapes.eu\/cs\/wp-json\/wp\/v2\/media?parent=5808"}],"wp:term":[{"taxonomy":"post_tag","embeddable":true,"href":"https:\/\/cisterscapes.eu\/cs\/wp-json\/wp\/v2\/tags?post=5808"},{"taxonomy":"tribe_events_cat","embeddable":true,"href":"https:\/\/cisterscapes.eu\/cs\/wp-json\/wp\/v2\/tribe_events_cat?post=5808"}],"curies":[{"name":"wp","href":"https:\/\/api.w.org\/{rel}","templated":true}]}}

Rein Abbey: Kulinářské dědictví &#8222;Kulinářské dědictví cisterciáků&#8220;

<p>Již téměř 900 let uchovávají mniši z Reinu odkaz svého zakladatele Leopolda, markraběte ze Steyru. Kromě klášterního lesa, zelených plic regionu, jsou to také kulturní statky nevyčíslitelné historické hodnoty. Svědectví o historii Štýrska a průkopnickém systému zásobování vodou ve středověku budou v sobotu 28. září v centru pozornosti spolu s kulinářskými specialitami, které v klášteře nesmí chybět. Klášterní nádvoří se od 10:00 hodin promění v jeviště, kde se bude slavit prestižní ocenění. Opatství Rein získává označení Evropské dědictví.    </p>
<p><em>Gratwein-Straßengel slaví historický klenot</em></p>
<p>V sobotu 28. září od 10:00 vás farnost a mniši z Reina zvou na celou řadu aktivit. Během ukázek můžete nahlédnout do hrnce na vaření a pochutnat si na sádlových sušenkách nebo páleném sladu. Kromě bylinek zažijí oživení i staré ovocné odrůdy, jako je &#8222;Klachelapfel&#8220; nebo &#8222;Schafnase&#8220;. O hudební doprovod se postarají kapely Gratweiner Böhmische a Steirische Soatnpress. Pro děti budou připravena praktická stanoviště a od 11.00 hod. bezplatné prohlídky s průvodcem, během nichž dobrovolní průvodci kláštera nechají návštěvníky nahlédnout za zdi kláštera a do zázraku vodní štoly v Ulrichsbergu. Vstup je zdarma.     </p>
<ul>
<li>10:00 Zahajovací ceremoniál</li>
<li>11:00 Začátek programu (včetně živého vaření s ochutnávkami, programu pro děti, prohlídek s průvodcem)</li>
</ul>

<p>Již téměř 900 let uchovávají mniši z Reinu odkaz svého zakladatele Leopolda, markraběte ze Steyru. Kromě klášterního lesa, zelených plic regionu, jsou to také kulturní statky nevyčíslitelné historické hodnoty. Svědectví o historii Štýrska a průkopnickém systému zásobování vodou ve středověku budou v sobotu 28. září v centru pozornosti spolu s kulinářskými specialitami, které v klášteře</p>
