{"id":16259,"date":"2025-12-15T10:08:11","date_gmt":"2025-12-15T09:08:11","guid":{"rendered":"https:\/\/cisterscapes.eu\/event\/concerts-internationaux-dorganes-ebrach-karol-mossakowski-organiste-titulaire-saint-sulpice-paris\/"},"modified":"2025-12-15T10:08:11","modified_gmt":"2025-12-15T09:08:11","slug":"concerts-internationaux-dorganes-ebrach-karol-mossakowski-organiste-titulaire-saint-sulpice-paris","status":"publish","type":"tribe_events","link":"https:\/\/cisterscapes.eu\/fr\/event\/concerts-internationaux-dorganes-ebrach-karol-mossakowski-organiste-titulaire-saint-sulpice-paris\/","title":{"rendered":"CONCERTS INTERNATIONAUX D&rsquo;ORGANES EBRACH : Karol Mossakowski (organiste titulaire, Saint-Sulpice, Paris)"},"content":{"rendered":"<div class=\"uk-margin uk-scrollspy-inview\">\n<div id=\"js-2\" class=\"uk-switcher\">\n<div id=\"uk-switcher-6\" class=\"el-item uk-margin-remove-first-child uk-active\" role=\"tabpanel\" aria-labelledby=\"uk-switcher-5\">\n<div class=\"el-content uk-panel uk-margin-top\">\n<p>PROGRAMME<\/p>\n<p>Johann Sebastian Bach (1685-1750)<br \/>\nPr\u00e9lude et Fugue en ut mineur BWV 546<\/p>\n<p>Chorals de Sch\u00fcbler en alternance avec des improvisations de Karol Mossakowski<\/p>\n<p>R\u00e9veillez-vous, la voix nous appelle<br \/>\nO\u00f9 dois-je m&rsquo;enfuir<br \/>\nWer nur den lieben Gott walten lassen<br \/>\nMon \u00e2me exalte le Seigneur<br \/>\nAch bleib bei uns, Herr Jesu Christ<br \/>\nViens-tu maintenant, J\u00e9sus, du ciel sur la terre<\/p>\n<p>Max Reger (1873-1916)<br \/>\nIntroduction et passacaille en r\u00e9 mineur<\/p>\n<\/div>\n<\/div>\n<\/div>\n<\/div>\n<div class=\"uk-panel uk-margin uk-scrollspy-inview\">\n<p>Entr\u00e9e gratuite.<br \/>\nNous serions tr\u00e8s heureux de recevoir votre don pour la pr\u00e9servation des orgues !<\/p>\n<\/div>\n","protected":false},"excerpt":{"rendered":"<p>PROGRAMME Johann Sebastian Bach (1685-1750) Pr\u00e9lude et Fugue en ut mineur BWV 546 Chorals de Sch\u00fcbler en alternance avec des improvisations de Karol Mossakowski R\u00e9veillez-vous, la voix nous appelle O\u00f9 dois-je m&rsquo;enfuir Wer nur den lieben Gott walten lassen Mon \u00e2me exalte le Seigneur Ach bleib bei uns, Herr Jesu Christ Viens-tu maintenant, J\u00e9sus, du<\/p>\n","protected":false},"author":6,"featured_media":16262,"template":"","meta":{"_tribe_events_status":"","_tribe_events_status_reason":"","footnotes":""},"tags":[],"tribe_events_cat":[198,416,216,205],"class_list":["post-16259","tribe_events","type-tribe_events","status-publish","has-post-thumbnail","hentry","tribe_events_cat-cisterscapes-fr","tribe_events_cat-concert","tribe_events_cat-ebrach-fr","tribe_events_cat-partenaire","cat_cisterscapes-fr","cat_concert","cat_ebrach-fr","cat_partenaire"],"_links":{"self":[{"href":"https:\/\/cisterscapes.eu\/fr\/wp-json\/wp\/v2\/tribe_events\/16259","targetHints":{"allow":["GET"]}}],"collection":[{"href":"https:\/\/cisterscapes.eu\/fr\/wp-json\/wp\/v2\/tribe_events"}],"about":[{"href":"https:\/\/cisterscapes.eu\/fr\/wp-json\/wp\/v2\/types\/tribe_events"}],"author":[{"embeddable":true,"href":"https:\/\/cisterscapes.eu\/fr\/wp-json\/wp\/v2\/users\/6"}],"version-history":[{"count":0,"href":"https:\/\/cisterscapes.eu\/fr\/wp-json\/wp\/v2\/tribe_events\/16259\/revisions"}],"wp:featuredmedia":[{"embeddable":true,"href":"https:\/\/cisterscapes.eu\/fr\/wp-json\/wp\/v2\/media\/16262"}],"wp:attachment":[{"href":"https:\/\/cisterscapes.eu\/fr\/wp-json\/wp\/v2\/media?parent=16259"}],"wp:term":[{"taxonomy":"post_tag","embeddable":true,"href":"https:\/\/cisterscapes.eu\/fr\/wp-json\/wp\/v2\/tags?post=16259"},{"taxonomy":"tribe_events_cat","embeddable":true,"href":"https:\/\/cisterscapes.eu\/fr\/wp-json\/wp\/v2\/tribe_events_cat?post=16259"}],"curies":[{"name":"wp","href":"https:\/\/api.w.org\/{rel}","templated":true}]}}

<div class="uk-margin uk-scrollspy-inview">
<div id="js-2" class="uk-switcher">
<div id="uk-switcher-6" class="el-item uk-margin-remove-first-child uk-active" role="tabpanel" aria-labelledby="uk-switcher-5">
<div class="el-content uk-panel uk-margin-top">
<p>PROGRAMME</p>
<p>Johann Sebastian Bach (1685-1750)<br />
Prélude et Fugue en ut mineur BWV 546</p>
<p>Chorals de Schübler en alternance avec des improvisations de Karol Mossakowski</p>
<p>Réveillez-vous, la voix nous appelle<br />
Où dois-je m&rsquo;enfuir<br />
Wer nur den lieben Gott walten lassen<br />
Mon âme exalte le Seigneur<br />
Ach bleib bei uns, Herr Jesu Christ<br />
Viens-tu maintenant, Jésus, du ciel sur la terre</p>
<p>Max Reger (1873-1916)<br />
Introduction et passacaille en ré mineur</p>
</div>
</div>
</div>
</div>
<div class="uk-panel uk-margin uk-scrollspy-inview">
<p>Entrée gratuite.<br />
Nous serions très heureux de recevoir votre don pour la préservation des orgues !</p>
</div>

<p>PROGRAMME Johann Sebastian Bach (1685-1750) Prélude et Fugue en ut mineur BWV 546 Chorals de Schübler en alternance avec des improvisations de Karol Mossakowski Réveillez-vous, la voix nous appelle Où dois-je m&rsquo;enfuir Wer nur den lieben Gott walten lassen Mon âme exalte le Seigneur Ach bleib bei uns, Herr Jesu Christ Viens-tu maintenant, Jésus, du</p>
