{"id":16371,"date":"2025-12-15T10:52:10","date_gmt":"2025-12-15T09:52:10","guid":{"rendered":"https:\/\/cisterscapes.eu\/event\/ete-musical-debrach-klangkathedrale\/"},"modified":"2025-12-15T10:52:10","modified_gmt":"2025-12-15T09:52:10","slug":"ete-musical-debrach-klangkathedrale","status":"publish","type":"tribe_events","link":"https:\/\/cisterscapes.eu\/fr\/event\/ete-musical-debrach-klangkathedrale\/","title":{"rendered":"\u00c9t\u00e9 musical d&rsquo;Ebrach : KLANGKATHEDRALE"},"content":{"rendered":"<h2>CATH\u00c9DRALE SONORE<\/h2>\n<p>Anton Bruckner (1824-1896)<br \/>\nMesse n\u00b01 en r\u00e9 mineur<br \/>\nTe Deum<\/p>\n<p>Ch\u0153ur Philharmonique de Munich<br \/>\nR\u00e9alisation : Andreas Herrmann<br \/>\nPhilharmonie Festiva<br \/>\nGerd Schaller, chef d&rsquo;orchestre<\/p>\n<p>Sous r\u00e9serve de modifications.<\/p>\n<p>Le cycle Bruckner \u00e0 Ebrach avec la Philharmonie Festiva, d\u00e9sormais l\u00e9gendaire et acclam\u00e9 par la critique internationale, se poursuit - cette fois avec deux chefs-d&rsquo;\u0153uvre monumentaux de symphonie chorale d&rsquo;Anton Bruckner. Sa Messe en r\u00e9 mineur a fait une telle impression sur le chef d&rsquo;orchestre Johann Ritter von Herbeck qu&rsquo;il a incit\u00e9 Bruckner \u00e0 s&rsquo;installer \u00e0 Vienne. Le Te Deum, quant \u00e0 lui, est l&rsquo;un des \u00e9loges musicaux les plus impressionnants qui soient.<br \/>\nUne exp\u00e9rience sonore vraiment monumentale vous attend - avec une distribution de haut niveau : le Ch\u0153ur Philharmonique de Munich, qui a d\u00e9j\u00e0 remport\u00e9 de grands succ\u00e8s avec la Messe en fa mineur de Bruckner, la Grande Messe de Herbeck, l&rsquo;op\u00e9ra Merlin de Goldmark et plus r\u00e9cemment avec la Cr\u00e9ation de Haydn lors de l&rsquo;Et\u00e9 musical d&rsquo;Ebrach, garantit cette ann\u00e9e encore - avec la Philharmonie Festiva et un ensemble international de solistes - une qualit\u00e9 musicale de premier ordre.<br \/>\nL&rsquo;ancienne abbatiale d&rsquo;Ebrach se transformera \u00e0 nouveau en cath\u00e9drale sonore. Une exp\u00e9rience que l&rsquo;on ne se contentera pas d&rsquo;entendre, mais que l&rsquo;on ressentira. Ne la manquez pas.    <\/p>\n<p>Billets \u00e0 29 | 39 | 44 | 54 \u20ac.<\/p>\n","protected":false},"excerpt":{"rendered":"<p>CATH\u00c9DRALE SONORE Anton Bruckner (1824-1896) Messe n\u00b01 en r\u00e9 mineur Te Deum Ch\u0153ur Philharmonique de Munich R\u00e9alisation : Andreas Herrmann Philharmonie Festiva Gerd Schaller, chef d&rsquo;orchestre Sous r\u00e9serve de modifications. Le cycle Bruckner \u00e0 Ebrach avec la Philharmonie Festiva, d\u00e9sormais l\u00e9gendaire et acclam\u00e9 par la critique internationale, se poursuit - cette fois avec deux chefs-d&rsquo;\u0153uvre<\/p>\n","protected":false},"author":6,"featured_media":16372,"template":"","meta":{"_tribe_events_status":"","_tribe_events_status_reason":"","footnotes":""},"tags":[],"tribe_events_cat":[198,416,216,205],"class_list":["post-16371","tribe_events","type-tribe_events","status-publish","has-post-thumbnail","hentry","tribe_events_cat-cisterscapes-fr","tribe_events_cat-concert","tribe_events_cat-ebrach-fr","tribe_events_cat-partenaire","cat_cisterscapes-fr","cat_concert","cat_ebrach-fr","cat_partenaire"],"_links":{"self":[{"href":"https:\/\/cisterscapes.eu\/fr\/wp-json\/wp\/v2\/tribe_events\/16371","targetHints":{"allow":["GET"]}}],"collection":[{"href":"https:\/\/cisterscapes.eu\/fr\/wp-json\/wp\/v2\/tribe_events"}],"about":[{"href":"https:\/\/cisterscapes.eu\/fr\/wp-json\/wp\/v2\/types\/tribe_events"}],"author":[{"embeddable":true,"href":"https:\/\/cisterscapes.eu\/fr\/wp-json\/wp\/v2\/users\/6"}],"version-history":[{"count":0,"href":"https:\/\/cisterscapes.eu\/fr\/wp-json\/wp\/v2\/tribe_events\/16371\/revisions"}],"wp:featuredmedia":[{"embeddable":true,"href":"https:\/\/cisterscapes.eu\/fr\/wp-json\/wp\/v2\/media\/16372"}],"wp:attachment":[{"href":"https:\/\/cisterscapes.eu\/fr\/wp-json\/wp\/v2\/media?parent=16371"}],"wp:term":[{"taxonomy":"post_tag","embeddable":true,"href":"https:\/\/cisterscapes.eu\/fr\/wp-json\/wp\/v2\/tags?post=16371"},{"taxonomy":"tribe_events_cat","embeddable":true,"href":"https:\/\/cisterscapes.eu\/fr\/wp-json\/wp\/v2\/tribe_events_cat?post=16371"}],"curies":[{"name":"wp","href":"https:\/\/api.w.org\/{rel}","templated":true}]}}

Été musical d&rsquo;Ebrach : KLANGKATHEDRALE

<h2>CATHÉDRALE SONORE</h2>
<p>Anton Bruckner (1824-1896)<br />
Messe n°1 en ré mineur<br />
Te Deum</p>
<p>Chœur Philharmonique de Munich<br />
Réalisation : Andreas Herrmann<br />
Philharmonie Festiva<br />
Gerd Schaller, chef d&rsquo;orchestre</p>
<p>Sous réserve de modifications.</p>
<p>Le cycle Bruckner à Ebrach avec la Philharmonie Festiva, désormais légendaire et acclamé par la critique internationale, se poursuit - cette fois avec deux chefs-d&rsquo;œuvre monumentaux de symphonie chorale d&rsquo;Anton Bruckner. Sa Messe en ré mineur a fait une telle impression sur le chef d&rsquo;orchestre Johann Ritter von Herbeck qu&rsquo;il a incité Bruckner à s&rsquo;installer à Vienne. Le Te Deum, quant à lui, est l&rsquo;un des éloges musicaux les plus impressionnants qui soient.<br />
Une expérience sonore vraiment monumentale vous attend - avec une distribution de haut niveau : le Chœur Philharmonique de Munich, qui a déjà remporté de grands succès avec la Messe en fa mineur de Bruckner, la Grande Messe de Herbeck, l&rsquo;opéra Merlin de Goldmark et plus récemment avec la Création de Haydn lors de l&rsquo;Eté musical d&rsquo;Ebrach, garantit cette année encore - avec la Philharmonie Festiva et un ensemble international de solistes - une qualité musicale de premier ordre.<br />
L&rsquo;ancienne abbatiale d&rsquo;Ebrach se transformera à nouveau en cathédrale sonore. Une expérience que l&rsquo;on ne se contentera pas d&rsquo;entendre, mais que l&rsquo;on ressentira. Ne la manquez pas.    </p>
<p>Billets à 29 | 39 | 44 | 54 €.</p>

<p>CATHÉDRALE SONORE Anton Bruckner (1824-1896) Messe n°1 en ré mineur Te Deum Chœur Philharmonique de Munich Réalisation : Andreas Herrmann Philharmonie Festiva Gerd Schaller, chef d&rsquo;orchestre Sous réserve de modifications. Le cycle Bruckner à Ebrach avec la Philharmonie Festiva, désormais légendaire et acclamé par la critique internationale, se poursuit - cette fois avec deux chefs-d&rsquo;œuvre</p>
