{"id":20205,"date":"2026-04-30T11:56:47","date_gmt":"2026-04-30T09:56:47","guid":{"rendered":"https:\/\/cisterscapes.eu\/event\/excursion-dune-journee-dans-le-paysage-monastique-debrach-avec-petite-randonnee\/"},"modified":"2026-04-30T11:56:47","modified_gmt":"2026-04-30T09:56:47","slug":"excursion-dune-journee-dans-le-paysage-monastique-debrach-avec-petite-randonnee","status":"publish","type":"tribe_events","link":"https:\/\/cisterscapes.eu\/fr\/event\/excursion-dune-journee-dans-le-paysage-monastique-debrach-avec-petite-randonnee\/","title":{"rendered":"Excursion d&rsquo;une journ\u00e9e dans le paysage monastique d&rsquo;Ebrach avec petite randonn\u00e9e"},"content":{"rendered":"<p>Max. 25 personnes <\/p>\n<p>Direction Dr. Rosa Karl<\/p>\n<p>Rendez-vous : 10h dans le jardin sup\u00e9rieur de l&rsquo;abbaye (terrasse sup\u00e9rieure) devant l&rsquo;Orangerie.<br \/>\nFin : 17h<\/p>\n<p>Arriv\u00e9e par vos propres moyens \u00e0 Ebrach.<\/p>\n<p>Rosa Karl, m\u00e9diatrice culturelle, explique le centre d&rsquo;information et ce qu&rsquo;il faut savoir sur le site lors d&rsquo;une visite guid\u00e9e. Des chaussures solides sont n\u00e9cessaires pour la randonn\u00e9e guid\u00e9e qui suivra et qui passera par le Handthalgrund et la for\u00eat avant de revenir par les lacs de l&rsquo;\u00e9tang (dur\u00e9e de la marche : environ 1,5 heure). Si quelqu&rsquo;un n&rsquo;est pas en mesure de faire la randonn\u00e9e, il peut \u00e9galement prendre sa propre voiture pour participer aux activit\u00e9s du programme \u00e0 Ebrach et aller d\u00e9jeuner. Les films du centre d&rsquo;information permettent de faire la transition.   <\/p>\n<p>Il est possible de se restaurer sur le sentier des cimes dans le restaurant du site.<\/p>\n<p>L&rsquo;apr\u00e8s-midi, nous visiterons l&rsquo;\u00e9glise et la salle imp\u00e9riale.<\/p>\n<p>Nous terminerons par des discussions approfondies autour d&rsquo;un caf\u00e9 et de g\u00e2teaux dans le jardin sup\u00e9rieur de l&rsquo;abbaye. En cas de mauvais temps, cela peut aussi se faire dans la salle de r\u00e9union&#8230; <\/p>\n<p>Le tarif est de 19,-\u20ac p.p. ; le prix comprend la visite guid\u00e9e par Dr. Rosa Karl et 6,-\u20ac de frais d&rsquo;entr\u00e9e (pour l&rsquo;\u00e9glise et la visite de la cage d&rsquo;escalier et de la salle imp\u00e9riale).<\/p>\n<p>R\u00e9servation sur https:\/\/www.vhs-bamberg.de\/p\/programmbereiche\/kultur\/kunst-und-kultur\/tagesexkursion-in-die-klosterlandschaft-ebrach-mit-kleiner-wanderung-502-C-9058565<\/p>\n<p>CONSEIL : La S\u00e9r\u00e9nade d&rsquo;\u00e9t\u00e9 d\u00e9bute \u00e0 16h00 dans le jardin inf\u00e9rieur de l&rsquo;abbaye. Les deux \u00e9v\u00e9nements peuvent \u00eatre parfaitement combin\u00e9s:-) <\/p>\n","protected":false},"excerpt":{"rendered":"<p>Max. 25 personnes Direction Dr. Rosa Karl Rendez-vous : 10h dans le jardin sup\u00e9rieur de l&rsquo;abbaye (terrasse sup\u00e9rieure) devant l&rsquo;Orangerie. Fin : 17h Arriv\u00e9e par vos propres moyens \u00e0 Ebrach. Rosa Karl, m\u00e9diatrice culturelle, explique le centre d&rsquo;information et ce qu&rsquo;il faut savoir sur le site lors d&rsquo;une visite guid\u00e9e. Des chaussures solides sont n\u00e9cessaires<\/p>\n","protected":false},"author":6,"featured_media":0,"template":"","meta":{"_tribe_events_status":"","_tribe_events_status_reason":"","footnotes":""},"tags":[],"tribe_events_cat":[198,416,216,225,205],"class_list":["post-20205","tribe_events","type-tribe_events","status-publish","hentry","tribe_events_cat-cisterscapes-fr","tribe_events_cat-concert","tribe_events_cat-ebrach-fr","tribe_events_cat-guide","tribe_events_cat-partenaire","cat_cisterscapes-fr","cat_concert","cat_ebrach-fr","cat_guide","cat_partenaire"],"_links":{"self":[{"href":"https:\/\/cisterscapes.eu\/fr\/wp-json\/wp\/v2\/tribe_events\/20205","targetHints":{"allow":["GET"]}}],"collection":[{"href":"https:\/\/cisterscapes.eu\/fr\/wp-json\/wp\/v2\/tribe_events"}],"about":[{"href":"https:\/\/cisterscapes.eu\/fr\/wp-json\/wp\/v2\/types\/tribe_events"}],"author":[{"embeddable":true,"href":"https:\/\/cisterscapes.eu\/fr\/wp-json\/wp\/v2\/users\/6"}],"version-history":[{"count":0,"href":"https:\/\/cisterscapes.eu\/fr\/wp-json\/wp\/v2\/tribe_events\/20205\/revisions"}],"wp:attachment":[{"href":"https:\/\/cisterscapes.eu\/fr\/wp-json\/wp\/v2\/media?parent=20205"}],"wp:term":[{"taxonomy":"post_tag","embeddable":true,"href":"https:\/\/cisterscapes.eu\/fr\/wp-json\/wp\/v2\/tags?post=20205"},{"taxonomy":"tribe_events_cat","embeddable":true,"href":"https:\/\/cisterscapes.eu\/fr\/wp-json\/wp\/v2\/tribe_events_cat?post=20205"}],"curies":[{"name":"wp","href":"https:\/\/api.w.org\/{rel}","templated":true}]}}

Excursion d&rsquo;une journée dans le paysage monastique d&rsquo;Ebrach avec petite randonnée

<p>Max. 25 personnes </p>
<p>Direction Dr. Rosa Karl</p>
<p>Rendez-vous : 10h dans le jardin supérieur de l&rsquo;abbaye (terrasse supérieure) devant l&rsquo;Orangerie.<br />
Fin : 17h</p>
<p>Arrivée par vos propres moyens à Ebrach.</p>
<p>Rosa Karl, médiatrice culturelle, explique le centre d&rsquo;information et ce qu&rsquo;il faut savoir sur le site lors d&rsquo;une visite guidée. Des chaussures solides sont nécessaires pour la randonnée guidée qui suivra et qui passera par le Handthalgrund et la forêt avant de revenir par les lacs de l&rsquo;étang (durée de la marche : environ 1,5 heure). Si quelqu&rsquo;un n&rsquo;est pas en mesure de faire la randonnée, il peut également prendre sa propre voiture pour participer aux activités du programme à Ebrach et aller déjeuner. Les films du centre d&rsquo;information permettent de faire la transition.   </p>
<p>Il est possible de se restaurer sur le sentier des cimes dans le restaurant du site.</p>
<p>L&rsquo;après-midi, nous visiterons l&rsquo;église et la salle impériale.</p>
<p>Nous terminerons par des discussions approfondies autour d&rsquo;un café et de gâteaux dans le jardin supérieur de l&rsquo;abbaye. En cas de mauvais temps, cela peut aussi se faire dans la salle de réunion&#8230; </p>
<p>Le tarif est de 19,-€ p.p. ; le prix comprend la visite guidée par Dr. Rosa Karl et 6,-€ de frais d&rsquo;entrée (pour l&rsquo;église et la visite de la cage d&rsquo;escalier et de la salle impériale).</p>
<p>Réservation sur https://www.vhs-bamberg.de/p/programmbereiche/kultur/kunst-und-kultur/tagesexkursion-in-die-klosterlandschaft-ebrach-mit-kleiner-wanderung-502-C-9058565</p>
<p>CONSEIL : La Sérénade d&rsquo;été débute à 16h00 dans le jardin inférieur de l&rsquo;abbaye. Les deux événements peuvent être parfaitement combinés:-) </p>

<p>Max. 25 personnes Direction Dr. Rosa Karl Rendez-vous : 10h dans le jardin supérieur de l&rsquo;abbaye (terrasse supérieure) devant l&rsquo;Orangerie. Fin : 17h Arrivée par vos propres moyens à Ebrach. Rosa Karl, médiatrice culturelle, explique le centre d&rsquo;information et ce qu&rsquo;il faut savoir sur le site lors d&rsquo;une visite guidée. Des chaussures solides sont nécessaires</p>
