{"id":20202,"date":"2026-04-30T11:56:47","date_gmt":"2026-04-30T09:56:47","guid":{"rendered":"https:\/\/cisterscapes.eu\/event\/jednodniowa-wycieczka-do-klasztoru-ebrach-z-krotka-piesza-wedrowka\/"},"modified":"2026-04-30T11:56:47","modified_gmt":"2026-04-30T09:56:47","slug":"jednodniowa-wycieczka-do-klasztoru-ebrach-z-krotka-piesza-wedrowka","status":"publish","type":"tribe_events","link":"https:\/\/cisterscapes.eu\/pl\/event\/jednodniowa-wycieczka-do-klasztoru-ebrach-z-krotka-piesza-wedrowka\/","title":{"rendered":"Jednodniowa wycieczka do klasztoru Ebrach z kr\u00f3tk\u0105 piesz\u0105 w\u0119dr\u00f3wk\u0105"},"content":{"rendered":"<p>Maks. 25 os\u00f3b <\/p>\n<p>Zarz\u0105dzanie Dr Rosa Karl<\/p>\n<p>Miejsce spotkania: godz. 10:00 w G\u00f3rnym Ogrodzie Opactwa (g\u00f3rny taras) przed Oran\u017ceri\u0105.<br \/>\nKoniec: godz. 17:00<\/p>\n<p>W\u0142asna podr\u00f3\u017c do Ebrach.<\/p>\n<p>Mediator kulturowy dr Rosa Karl obja\u015bnia centrum informacyjne i ciekawostki na temat tego miejsca podczas wycieczki. Do p\u00f3\u017aniejszej w\u0119dr\u00f3wki z przewodnikiem przez Handthalgrund do lasu i z powrotem przez jeziora Weiherseen wymagane jest solidne obuwie (czas przej\u015bcia ok. 1,5 godziny). Je\u015bli nie czujesz si\u0119 na si\u0142ach na w\u0119dr\u00f3wk\u0119, mo\u017cesz r\u00f3wnie\u017c wzi\u0105\u0107 udzia\u0142 w programie w Ebrach w\u0142asnym samochodem i dojecha\u0107 na lunch. Filmy w centrum informacyjnym oferuj\u0105 mo\u017cliwo\u015b\u0107 wype\u0142nienia luki.   <\/p>\n<p>Na trasie spaceru w koronach drzew znajduje si\u0119 przystanek na posi\u0142ek w lokalnej restauracji.<\/p>\n<p>Po po\u0142udniu zwiedzamy ko\u015bci\u00f3\u0142 i sal\u0119 cesarsk\u0105.<\/p>\n<p>Na koniec odb\u0119d\u0105 si\u0119 pog\u0142\u0119bione dyskusje przy kawie i ciastku w ogrodzie Upper Abbey. W przypadku z\u0142ej pogody mo\u017cna to r\u00f3wnie\u017c zrobi\u0107 w sali konferencyjnej&#8230; <\/p>\n<p>Op\u0142ata wynosi 19 euro za osob\u0119; cena obejmuje wycieczk\u0119 z przewodnikiem dr Ros\u0105 Karl oraz op\u0142at\u0119 za wst\u0119p w wysoko\u015bci 6 euro (za ko\u015bci\u00f3\u0142 oraz zwiedzanie klatki schodowej i Kaisersaal).<\/p>\n<p>Rezerwacja na https:\/\/www.vhs-bamberg.de\/p\/programmbereiche\/kultur\/kunst-und-kultur\/tagesexkursion-in-die-klosterlandschaft-ebrach-mit-kleiner-wanderung-502-C-9058565<\/p>\n<p>WSKAZ\u00d3WKA: Letnia serenada w Dolnym Ogrodzie Opactwa rozpoczyna si\u0119 tego dnia o godzinie 16:00. Te dwa wydarzenia mo\u017cna r\u00f3wnie\u017c doskonale po\u0142\u0105czy\u0107:-) <\/p>\n","protected":false},"excerpt":{"rendered":"<p>Maks. 25 os\u00f3b Zarz\u0105dzanie Dr Rosa Karl Miejsce spotkania: godz. 10:00 w G\u00f3rnym Ogrodzie Opactwa (g\u00f3rny taras) przed Oran\u017ceri\u0105. Koniec: godz. 17:00 W\u0142asna podr\u00f3\u017c do Ebrach. Mediator kulturowy dr Rosa Karl obja\u015bnia centrum informacyjne i ciekawostki na temat tego miejsca podczas wycieczki. Do p\u00f3\u017aniejszej w\u0119dr\u00f3wki z przewodnikiem przez Handthalgrund do lasu i z powrotem przez<\/p>\n","protected":false},"author":6,"featured_media":0,"template":"","meta":{"_tribe_events_status":"","_tribe_events_status_reason":"","footnotes":""},"tags":[],"tribe_events_cat":[136,138,417,144,168],"class_list":["post-20202","tribe_events","type-tribe_events","status-publish","hentry","tribe_events_cat-cysterny","tribe_events_cat-ebrach-pl","tribe_events_cat-koncert","tribe_events_cat-partner-pl","tribe_events_cat-wskazowki","cat_cysterny","cat_ebrach-pl","cat_koncert","cat_partner-pl","cat_wskazowki"],"_links":{"self":[{"href":"https:\/\/cisterscapes.eu\/pl\/wp-json\/wp\/v2\/tribe_events\/20202","targetHints":{"allow":["GET"]}}],"collection":[{"href":"https:\/\/cisterscapes.eu\/pl\/wp-json\/wp\/v2\/tribe_events"}],"about":[{"href":"https:\/\/cisterscapes.eu\/pl\/wp-json\/wp\/v2\/types\/tribe_events"}],"author":[{"embeddable":true,"href":"https:\/\/cisterscapes.eu\/pl\/wp-json\/wp\/v2\/users\/6"}],"version-history":[{"count":0,"href":"https:\/\/cisterscapes.eu\/pl\/wp-json\/wp\/v2\/tribe_events\/20202\/revisions"}],"wp:attachment":[{"href":"https:\/\/cisterscapes.eu\/pl\/wp-json\/wp\/v2\/media?parent=20202"}],"wp:term":[{"taxonomy":"post_tag","embeddable":true,"href":"https:\/\/cisterscapes.eu\/pl\/wp-json\/wp\/v2\/tags?post=20202"},{"taxonomy":"tribe_events_cat","embeddable":true,"href":"https:\/\/cisterscapes.eu\/pl\/wp-json\/wp\/v2\/tribe_events_cat?post=20202"}],"curies":[{"name":"wp","href":"https:\/\/api.w.org\/{rel}","templated":true}]}}

Jednodniowa wycieczka do klasztoru Ebrach z krótką pieszą wędrówką

<p>Maks. 25 osób </p>
<p>Zarządzanie Dr Rosa Karl</p>
<p>Miejsce spotkania: godz. 10:00 w Górnym Ogrodzie Opactwa (górny taras) przed Oranżerią.<br />
Koniec: godz. 17:00</p>
<p>Własna podróż do Ebrach.</p>
<p>Mediator kulturowy dr Rosa Karl objaśnia centrum informacyjne i ciekawostki na temat tego miejsca podczas wycieczki. Do późniejszej wędrówki z przewodnikiem przez Handthalgrund do lasu i z powrotem przez jeziora Weiherseen wymagane jest solidne obuwie (czas przejścia ok. 1,5 godziny). Jeśli nie czujesz się na siłach na wędrówkę, możesz również wziąć udział w programie w Ebrach własnym samochodem i dojechać na lunch. Filmy w centrum informacyjnym oferują możliwość wypełnienia luki.   </p>
<p>Na trasie spaceru w koronach drzew znajduje się przystanek na posiłek w lokalnej restauracji.</p>
<p>Po południu zwiedzamy kościół i salę cesarską.</p>
<p>Na koniec odbędą się pogłębione dyskusje przy kawie i ciastku w ogrodzie Upper Abbey. W przypadku złej pogody można to również zrobić w sali konferencyjnej&#8230; </p>
<p>Opłata wynosi 19 euro za osobę; cena obejmuje wycieczkę z przewodnikiem dr Rosą Karl oraz opłatę za wstęp w wysokości 6 euro (za kościół oraz zwiedzanie klatki schodowej i Kaisersaal).</p>
<p>Rezerwacja na https://www.vhs-bamberg.de/p/programmbereiche/kultur/kunst-und-kultur/tagesexkursion-in-die-klosterlandschaft-ebrach-mit-kleiner-wanderung-502-C-9058565</p>
<p>WSKAZÓWKA: Letnia serenada w Dolnym Ogrodzie Opactwa rozpoczyna się tego dnia o godzinie 16:00. Te dwa wydarzenia można również doskonale połączyć:-) </p>

<p>Maks. 25 osób Zarządzanie Dr Rosa Karl Miejsce spotkania: godz. 10:00 w Górnym Ogrodzie Opactwa (górny taras) przed Oranżerią. Koniec: godz. 17:00 Własna podróż do Ebrach. Mediator kulturowy dr Rosa Karl objaśnia centrum informacyjne i ciekawostki na temat tego miejsca podczas wycieczki. Do późniejszej wędrówki z przewodnikiem przez Handthalgrund do lasu i z powrotem przez</p>
