{"id":20203,"date":"2026-04-30T11:56:47","date_gmt":"2026-04-30T09:56:47","guid":{"rendered":"https:\/\/cisterscapes.eu\/event\/celodnevni-izlet-v-samostansko-pokrajino-ebrach-s-krajsim-pohodom\/"},"modified":"2026-04-30T11:58:51","modified_gmt":"2026-04-30T09:58:51","slug":"celodnevni-izlet-v-samostansko-pokrajino-ebrach-s-krajsim-pohodom","status":"publish","type":"tribe_events","link":"https:\/\/cisterscapes.eu\/sl\/event\/celodnevni-izlet-v-samostansko-pokrajino-ebrach-s-krajsim-pohodom\/","title":{"rendered":"Celodnevni izlet v samostansko pokrajino Ebrach s kraj\u0161im pohodom"},"content":{"rendered":"<p>Najve\u010d 25 oseb <\/p>\n<p>Upravljanje Dr. Rosa Karl<\/p>\n<p>Zbirno mesto: 10.00 na zgornjem opatijskem vrtu (zgornja terasa) pred oran\u017eerijo.<br \/>\nKonec: 17.00.<\/p>\n<p>Lastno potovanje v Ebrach.<\/p>\n<p>Kulturna mediatorka Dr. Rosa Karl na ogledu razlo\u017ei informacijski center in zanimivosti o kraju. Za poznej\u0161i voden pohod \u010dez Handthalgrund v gozd in nazaj \u010dez jezera Weiherseen (\u010das hoje pribli\u017eno 1,5 ure) je potrebna trpe\u017ena obutev. \u010ce se ne po\u010dutite pripravljeni na pohod, se lahko programa v Ebrachu udele\u017eite tudi z lastnim avtomobilom in se odpeljete na kosilo. Filmi v informacijskem centru ponujajo prilo\u017enost za premostitev vrzeli.   <\/p>\n<p>Na sprehodu do vrha dreves se lahko okrep\u010date v lokalni restavraciji.<\/p>\n<p>Popoldne si ogledamo cerkev in cesarsko dvorano.<\/p>\n<p>Na koncu bodo potekale poglobljene razprave ob kavi in pecivu na vrtu zgornje opatije. V primeru slabega vremena lahko to storite tudi v sejni sobi&#8230; <\/p>\n<p>Kotizacija zna\u0161a 19 EUR na osebo; cena vklju\u010duje vodenje Dr. Rose Karl in vstopnino 6 EUR (za cerkev ter ogled stopni\u0161\u010da in Kaisersaala).<\/p>\n<p>Rezervacija na https:\/\/www.vhs-bamberg.de\/p\/programmbereiche\/kultur\/kunst-und-kultur\/tagesexkursion-in-die-klosterlandschaft-ebrach-mit-kleiner-wanderung-502-C-9058565<\/p>\n<p>NASVET: Na ta dan se ob 16.00 za\u010dne poletna serenada v Spodnjem opatijskem vrtu. Oba dogodka lahko tudi odli\u010dno zdru\u017eite:-) <\/p>\n","protected":false},"excerpt":{"rendered":"<p>Najve\u010d 25 oseb Upravljanje Dr. Rosa Karl Zbirno mesto: 10.00 na zgornjem opatijskem vrtu (zgornja terasa) pred oran\u017eerijo. Konec: 17.00. Lastno potovanje v Ebrach. Kulturna mediatorka Dr. Rosa Karl na ogledu razlo\u017ei informacijski center in zanimivosti o kraju. Za poznej\u0161i voden pohod \u010dez Handthalgrund v gozd in nazaj \u010dez jezera Weiherseen (\u010das hoje pribli\u017eno 1,5<\/p>\n","protected":false},"author":6,"featured_media":0,"template":"","meta":{"_tribe_events_status":"","_tribe_events_status_reason":"","footnotes":""},"tags":[],"tribe_events_cat":[135,137,419,143,165],"class_list":["post-20203","tribe_events","type-tribe_events","status-publish","hentry","tribe_events_cat-cisterscapes-sl","tribe_events_cat-ebrach-sl","tribe_events_cat-koncert","tribe_events_cat-partner-sl","tribe_events_cat-vodenje","cat_cisterscapes-sl","cat_ebrach-sl","cat_koncert","cat_partner-sl","cat_vodenje"],"_links":{"self":[{"href":"https:\/\/cisterscapes.eu\/sl\/wp-json\/wp\/v2\/tribe_events\/20203","targetHints":{"allow":["GET"]}}],"collection":[{"href":"https:\/\/cisterscapes.eu\/sl\/wp-json\/wp\/v2\/tribe_events"}],"about":[{"href":"https:\/\/cisterscapes.eu\/sl\/wp-json\/wp\/v2\/types\/tribe_events"}],"author":[{"embeddable":true,"href":"https:\/\/cisterscapes.eu\/sl\/wp-json\/wp\/v2\/users\/6"}],"version-history":[{"count":1,"href":"https:\/\/cisterscapes.eu\/sl\/wp-json\/wp\/v2\/tribe_events\/20203\/revisions"}],"predecessor-version":[{"id":20204,"href":"https:\/\/cisterscapes.eu\/sl\/wp-json\/wp\/v2\/tribe_events\/20203\/revisions\/20204"}],"wp:attachment":[{"href":"https:\/\/cisterscapes.eu\/sl\/wp-json\/wp\/v2\/media?parent=20203"}],"wp:term":[{"taxonomy":"post_tag","embeddable":true,"href":"https:\/\/cisterscapes.eu\/sl\/wp-json\/wp\/v2\/tags?post=20203"},{"taxonomy":"tribe_events_cat","embeddable":true,"href":"https:\/\/cisterscapes.eu\/sl\/wp-json\/wp\/v2\/tribe_events_cat?post=20203"}],"curies":[{"name":"wp","href":"https:\/\/api.w.org\/{rel}","templated":true}]}}

Celodnevni izlet v samostansko pokrajino Ebrach s krajšim pohodom

<p>Največ 25 oseb </p>
<p>Upravljanje Dr. Rosa Karl</p>
<p>Zbirno mesto: 10.00 na zgornjem opatijskem vrtu (zgornja terasa) pred oranžerijo.<br />
Konec: 17.00.</p>
<p>Lastno potovanje v Ebrach.</p>
<p>Kulturna mediatorka Dr. Rosa Karl na ogledu razloži informacijski center in zanimivosti o kraju. Za poznejši voden pohod čez Handthalgrund v gozd in nazaj čez jezera Weiherseen (čas hoje približno 1,5 ure) je potrebna trpežna obutev. Če se ne počutite pripravljeni na pohod, se lahko programa v Ebrachu udeležite tudi z lastnim avtomobilom in se odpeljete na kosilo. Filmi v informacijskem centru ponujajo priložnost za premostitev vrzeli.   </p>
<p>Na sprehodu do vrha dreves se lahko okrepčate v lokalni restavraciji.</p>
<p>Popoldne si ogledamo cerkev in cesarsko dvorano.</p>
<p>Na koncu bodo potekale poglobljene razprave ob kavi in pecivu na vrtu zgornje opatije. V primeru slabega vremena lahko to storite tudi v sejni sobi&#8230; </p>
<p>Kotizacija znaša 19 EUR na osebo; cena vključuje vodenje Dr. Rose Karl in vstopnino 6 EUR (za cerkev ter ogled stopnišča in Kaisersaala).</p>
<p>Rezervacija na https://www.vhs-bamberg.de/p/programmbereiche/kultur/kunst-und-kultur/tagesexkursion-in-die-klosterlandschaft-ebrach-mit-kleiner-wanderung-502-C-9058565</p>
<p>NASVET: Na ta dan se ob 16.00 začne poletna serenada v Spodnjem opatijskem vrtu. Oba dogodka lahko tudi odlično združite:-) </p>

<p>Največ 25 oseb Upravljanje Dr. Rosa Karl Zbirno mesto: 10.00 na zgornjem opatijskem vrtu (zgornja terasa) pred oranžerijo. Konec: 17.00. Lastno potovanje v Ebrach. Kulturna mediatorka Dr. Rosa Karl na ogledu razloži informacijski center in zanimivosti o kraju. Za poznejši voden pohod čez Handthalgrund v gozd in nazaj čez jezera Weiherseen (čas hoje približno 1,5</p>
